= -677 + 681. What is v(l)?
19
Let t(z) = z**3 - 9*z**2 + 4*z + 7. Let q(y) be the first derivative of y**3/3 + 18. Let w(o) = 2*q(o) + t(o). Calculate w(6).
-5
Let q(s) = s**2 - 6*s - 2. Let f = 317 - 312. What is q(f)?
-7
Let s(j) = 2*j + 0*j**2 - 3*j - 6*j**3 - 2*j**2. Let h(p) = -3*p**2 - 38*p - 25. Let v be h(-12). Determine s(v).
5
Let r(c) = -15*c**2 + 3*c + 24 + 20*c**2 - c**3 - 15*c**2. Determine r(-10).
-6
Let i(d) = 1 + d**2 + 5*d + 4 + 1. Suppose z - 10 = 10. Let l = 15 - z. Determine i(l).
6
Let v(n) be the first derivative of n**2/2 - 7*n - 1. Suppose -30*z + 3*g + 7 = -29*z, -5*g + 15 = z. Give v(z).
3
Let a = -13 - -13. Let n(g) = 2*g - g**3 + a*g**3 + g**2 + g**2 - g**2. Let y(k) = k**2 + 5*k + 6. Let o be y(-4). Determine n(o).
0
Let w(y) = y**2 + 5*y - 2. Let h(a) = a - 6. Let f be h(14). Suppose f*d = -47 + 7. Calculate w(d).
-2
Let l(p) = -p**3 - 7*p**2 - 6*p - 3. Let j be l(-6). Let q = 7 - 5. Let f(u) = 2*u + 4 + 2*u + 2*u**2 + u**2 - q*u**2. What is f(j)?
1
Let x be (-2)/4*20/10. Let d(p) = 10*p**3 + 2*p**2 - 3*p - 4. Let t be d(x). Let b(k) = -k**3 - 9*k**2 + k - 11. What is b(t)?
-20
Suppose 5*y - d = -25, -4*y + 8*y = 3*d - 31. Let a(r) = 2*r**2 - 3*r + 4. Determine a(y).
48
Let l(n) = -45*n**2 - n**3 + 2 + 1 + 19*n**2 + 3*n**3 + 28*n**2. Determine l(-3).
-33
Suppose 8 = -2*r + y - 2*y, 0 = y + 4. Let p(h) = -2*h + 1. Calculate p(r).
5
Let h(u) = 11*u**2 + 11 - 10 - 2*u - 9*u**2 + 3*u + u. Let s(g) = 2*g - 2. Let x be s(6). Suppose 4*a = -a - x. Calculate h(a).
5
Let t(d) = -d + d**2 + 632*d**3 - 1266*d**3 - 1 + 632*d**3. What is t(2)?
-15
Suppose v + 4*v + 15 = 0. Let b(q) be the second derivative of q**5/20 + q**4/6 - q**3/2 - 2*q**2 - 3*q. Determine b(v).
-4
Let v(n) = 41*n + 24. Let i(u) = 8*u + 5. Let k(j) = 11*i(j) - 2*v(j). Let z(c) = c + 1. Let b(r) = 6*k(r) - 34*z(r). What is b(-6)?
-4
Let b(n) be the first derivative of -n**3/6 + 3*n**2/2 + 2*n - 30. Let c(a) be the first derivative of b(a). What is c(8)?
-5
Let j(d) = -3*d**2 - 3*d + 3. Let p = 58 + -57. Suppose 5*b - 14 = -2*v, 3*v + 4 + p = -b. What is j(v)?
-15
Let g be ((-72)/60)/((-7)/(-10) - 1). Suppose g*p - 46 = -5*r, -2*r + 2*p + 32 = r. Let k(s) = s**2 - 9*s - 4. Give k(r).
6
Let u = 480 - 487. Let m(p) = 2*p + 16. Determine m(u).
2
Let j(z) = 21*z + 4. Let v(y) = 16*y + 6. Let g(i) = 3*j(i) - 4*v(i). Determine g(-4).
-8
Let v be 28/(-6)*42/(-49). Let z be (2 + -5 + v)/(-1). Let f(a) = -11*a**3 - a**2 + a + 1. Determine f(z).
10
Suppose -d = -0*d. Let f(a) = -9 + 2 + d*a + a. Let t(g) = -g + 6. Let p be t(0). Give f(p).
-1
Suppose 0 = -0*y + 3*y - 12. Suppose -m - 12 = -5*i, m = -y + 2. Let t(r) = -2*r**i + 0 - r**3 + 5*r**3 + 4*r**3 + 1. Give t(-1).
-9
Let z = -312 + 310. Let f(a) = -4*a - 1. Give f(z).
7
Suppose 2*a + 2 - 6 = 0. Let n = a + -1. Let r(f) = 3*f + 2*f + n - 2*f. Calculate r(-3).
-8
Let b(y) = -2*y - 1. Let f be -561*3*4/(-36). Suppose -182 + f = -i. Give b(i).
9
Let r(a) = a**2 - a + 25. Let h be r(0). Suppose -3*c - h = -8*c. Let w(k) = -k**3 + 3 - c*k**2 + 5 + 12*k - 3*k. Determine w(-6).
-10
Let m be (1 - 36/48) + (-7)/(-4). Let q(r) = 5*r**3 + r**2 - 3*r + 2. Give q(m).
40
Let b(h) = 5*h**3 + 20*h**2 - 3*h - 20. Let j(k) = -2*k**3 - 7*k**2 + k + 7. Let y(q) = -6*b(q) - 17*j(q). Let c be 9/18*(2 + -4). Calculate y(c).
-5
Let b(j) be the second derivative of -j**3/6 + 9*j**2/2 - 47*j - 2. Suppose -7 - 2 = -3*g. Let l = -3 + g. Calculate b(l).
9
Let q(o) be the third derivative of -1/6*o**3 + o**2 + 0*o + 1/24*o**4 + 0. Determine q(-6).
-7
Let v(c) = -6*c. Let q be v(1). Let y(b) = 7*b**2 - 2*b + 5 + b**3 - 13*b + 8*b + 12*b. Calculate y(q).
11
Let m(t) = -8 - 5 - 7*t - 7 + 25. Let z be m(1). Let b(k) = -2*k + 2. Give b(z).
6
Let i = 26 - 36. Let g = 12 + i. Let r(q) = 0*q**g - 1 + q + q**2 + 2*q + 2. What is r(-2)?
-1
Let j(p) = -2*p**2 - 3*p + 1 + p**2 + 4*p. Let q(v) be the first derivative of v**4/4 + 6*v**3 + 31*v**2/2 - 13*v + 3. Let i be q(-16). What is j(i)?
-5
Let i(z) be the first derivative of 0*z**2 - 19 + 1/4*z**4 + 4/3*z**3 - z. Give i(-3).
8
Let n(o) = 3*o + 2. Suppose 2*m - 16 = -2*q + 3*m, -5*m - 38 = -3*q. Let s be (32/q + -5)/(2/(-12)). Determine n(s).
-4
Let o(n) be the first derivative of 2*n**4 + 2*n**3/3 - n**2 + n + 2. Suppose 0 = y + 3, 8 = -7*t + 3*t - 4*y. What is o(t)?
9
Let r(a) = 6*a - 6. Let k(q) = 7*q - 7. Let p(g) = -5*k(g) + 6*r(g). Suppose -13 = z - 5*n + 3*n, 0 = -2*z - 2*n - 2. Determine p(z).
-6
Suppose 0 = 8*z - 13*z + 765. Let h(n) = 150*n - z*n + 0 + 6. Determine h(6).
-12
Let b(d) be the third derivative of d**4/24 - 7*d**3/6 - d**2. Let f(g) = 44*g - 38. Let p be f(1). Determine b(p).
-1
Let v(k) be the third derivative of k**4/6 + 2*k**3/3 + 187*k**2. Determine v(6).
28
Let g(f) = -16*f**2 + 4*f - 9. Suppose b - 2*z = -15, -13 + 3 = -5*z. Let y(t) = -3*t**2 + t - 2. Let n(k) = b*y(k) + 2*g(k). What is n(3)?
4
Suppose 2*c = -3*y + 33, 2*y - c + 4*c - 27 = 0. Let f(s) = s. Determine f(y).
9
Let l(o) be the second derivative of -o**7/2520 - 2*o**4 - 18*o. Let b(t) be the third derivative of l(t). Calculate b(1).
-1
Let c(p) = p**2 + 13. Let k = -106 + 106. Determine c(k).
13
Let i(n) = -n**2 + 9*n. Let a = 728 - 721. Calculate i(a).
14
Let g(m) be the first derivative of -m**4/4 + 4*m**3/3 + 3*m**2/2 + 3*m - 1. Let i be (0 + 1)*(3 + -1)/((-74)/(-185)). Calculate g(i).
-7
Let d = 5 - 4. Let s(n) be the second derivative of -n**3/2 + n**2/2 + 9*n. Determine s(d).
-2
Let h(i) = -i - 4. Let y = 17 + -1. Let v = y - 12. Give h(v).
-8
Let j(r) = 13 + 15*r + 12 - 27*r + 13*r. Give j(-18).
7
Let p(g) = -65*g - g**2 - 60*g + 3*g**2 + 124*g. Give p(-1).
3
Suppose -2*z = i - 17, -2*i - 22 - 34 = -5*z. Let w(j) = -j**2 + 11*j - 6. Determine w(z).
4
Let z(u) be the first derivative of 3*u**2/2 + 6*u - 6. Let v(r) = 31 + 12*r + 9*r - 7*r + 2*r. Let f(j) = -4*v(j) + 22*z(j). Calculate f(-6).
-4
Suppose 2*c - 5*l - 13 = 0, -4*l + 0*l = -12. Let d = -5 + c. Let x(y) = 3*y - 7*y + d*y**2 + 1 + y + y. What is x(1)?
8
Let c be 2*(0 + 10 - 0). Suppose b = -4*f + c, 0 = f + b - 2. Let d(t) = -6*t + 4*t**2 - f + 0*t**2 - 5*t**2. Calculate d(-5).
-1
Suppose r - 5 = 4*s - 15, -19 = -2*r - 5*s. Let t(x) = -x**3 + x - 1. Give t(r).
-7
Let j(m) = m**2 - 5*m + 2. Let f be j(5). Let r(n) be the first derivative of 8*n**2 + 67. Let a(t) = -3*t. Let i(b) = f*r(b) + 11*a(b). Determine i(-6).
6
Let j = -257 - -244. Let m(o) = o**2 + 13*o + 18. What is m(j)?
18
Let a(k) be the second derivative of -k**5/20 + k**4/2 + 5*k**3/6 - k**2 + 28*k + 2. Calculate a(7).
-16
Suppose -g = -3*g - 4. Let l be 18/(-18) - (g + 4). Let f(t) = 8*t - 2. Give f(l).
-26
Let j(s) = -2*s**2 + 9*s - 13. Let g(u) = u**2 - 8*u + 14. Let v(w) = 3*g(w) + 2*j(w). Calculate v(-8).
0
Let l(d) = d**3 + 8*d**2 + 5*d - 9. Let b = -25 + 18. Let k be l(b). Let s(z) = -z - 2. Let f(i) = -5*i + 3. Let n(p) = -f(p) + 4*s(p). Calculate n(k).
-6
Let q(j) = j**2 + 3*j + 4. Let l be q(-3). Suppose -b + l*b = 3. Let v(r) = 10*r**2 - r + 8*r**3 - 4*r**2 + r**2 - 6*r**2. What is v(b)?
8
Let r be (3/2)/((-3)/(-2)). Let n(c) = -10*c. Determine n(r).
-10
Suppose 0 = 2*j - 5 - 1. Let k(f) = 2*f**3 - 2*f - 4*f**2 - 8 + 2 - 3*f**j. Suppose -41 = 5*z - 3*a, -4*z + 0*z + 4*a - 44 = 0. Calculate k(z).
2
Let k(p) be the second derivative of p**5/10 + p**4/12 - p**2 + 387*p. Let l = 0 + -2. Determine k(l).
-14
Let o(r) be the third derivative of r**4/6 + r**3 + 21*r**2. Let f(n) = 3*n + 5. Let u(d) = 3*f(d) - 2*o(d). Calculate u(-6).
-3
Suppose -4*x = -7*x. Suppose x = 5*d - 17 + 2. Let f(n) = -d*n + 4*n - n**2 - 1 + 12*n**3 + 0 - 4*n**3. Determine f(1).
7
Let o(x) = -3*x**2 + 3 - 10*x**2 - 6*x + x**2 + 11*x**2. Determine o(-7).
-4
Let p(f) = -f**3 - f**2 - 3*f - 4. Let x(l) = l**2. Let k(v) = p(v) + 6*x(v). Let j = 101 - 50. Let w = j - 47. What is k(w)?
0
Suppose -5*c + 9 = 3*o + 34, -2*c - 2*o = 10. Let z(r) = 49*r - 27*r - 12 - 21*r + 10. What is z(c)?
-7
Let v(p) = 9*p**2 + 25 - 7*p + 7*p - 24. Let j be 2 + 0 - (16 - 15). Determine v(j).
10
Let b(i) = -2*i**3 - 30*i**2 - 26*i + 24. Let q be b(-14). Let m(o) = 3*o + 12. What is m(q)?
0
Let b(k) be the third derivative of k**4/8 - k**3/6 - 13*k**2. Give b(-1).
-4
Suppose 193*c = 188*c - 15. Let k(i) = -i**2 - 2*i + 4. Giv